 2).
18
What is the value of (2 - -1) + (-5 - (1 - -1) - -13)?
9
-32 + 46 + -14 + -14
-14
Calculate 1278 + -1268 + (-26 - 1).
-17
What is -21 - (-32 - -13 - 11) - (-19 - -2)?
26
What is the value of -298 + 309 + (-3 - -2 - 2)?
8
(12 + 0 - 6 - 14) + -7
-15
What is 1 - (5 + 15 + -22 - (-1 + 4))?
6
What is the value of -1 - (-21 - (-17 - -4)) - (1 + 5)?
1
Calculate 65 + -68 + (0 - -7).
4
Evaluate 11 - (5 + (6 - 5) + (3 - 6)).
8
Evaluate (-675 - -677) + (-1 - -1 - 27).
-25
What is -53 + 45 + (5 - 6) + -11?
-20
13 - (-13 + 20) - (-6 - (4 - 4))
12
Evaluate (-8 - (-1 + -4)) + 6 + 5 - 10.
-2
What is the value of -791 - -775 - (-1 + 2 - 9)?
-8
Evaluate (2 - (0 + 12)) + 14 + -11.
-7
What is (1 - -4) + -26 + 24 + -9?
-6
What is the value of (5 - 1) + (-7 - -20 - 15)?
2
What is the value of -77 + 71 + (-1 - 14)?
-21
Calculate (1 - (-14 + 11)) + (2 - 10 - -2).
-2
17 + (4 - 77 - -35)
-21
What is 2 - 29 - (-16 - 20)?
9
Evaluate 38 + -10 + -26 + (-1 - -3).
4
13 + 10 + -39 - (-39 + 8)
15
What is the value of (7 - (8 - 6 - -11)) + -12?
-18
-5 - (7 + (-1 - -4) - (-85 + 99))
-1
What is the value of -19 + (26 - 15 - (2 + 2))?
-12
What is the value of 2 + 1 + -9 - 6?
-12
What is 3 + -8 + (1 - (-12 - 3))?
11
Calculate -6 - (8 - (-5 - -12) - 8) - -16.
17
Evaluate -4 - (14 + -3 + -14).
-1
Evaluate 1 - 2 - ((-18 - -27) + -13).
3
What is 13 + -19 - (-2 - -2 - 16) - 0?
10
Calculate -8 - (61 + -73 - (0 + (0 - 5))).
-1
What is 5 - (6 + -5 - 2) - 7?
-1
Evaluate -39 + (-19 - (-3 - 36)).
-19
-3 - (-1 + 1 + -7)
4
What is (1 + 4 + -18 - -10) + 5 + 7?
9
What is the value of (57 - 20) + (32 - 48)?
21
What is -26 + 2 + 19 + -1 + -9?
-15
Evaluate (-43 - -44) + 2 + 10.
13
What is the value of -1 + 8 + (-10 - 1 - (33 - 41))?
4
-1 + (-4 - -6) - ((-11 - -28) + -3)
-13
What is the value of -15 + 37 + -8 + -35?
-21
Calculate -538 + 518 + (3 - -1).
-16
What is the value of 0 - (-11 + (2 + 2 - 7))?
14
What is the value of 26 - 47 - -26 - (-1 + -1 - 9)?
16
Evaluate -30 - ((-11 - -14) + -19) - -13.
-1
What is the value of 13 + -8 + -2 - 7?
-4
What is the value of 8 + (-14 - -10 - -2 - 21)?
-15
Calculate -17 + -25 + 63 + -37.
-16
19 - (4 - (0 + -18 - -21))
18
-29 + (1 + 8 - -1 - 10)
-29
What is -14 + 1 - (-6 + -3 + 5 - -3)?
-12
7 - (0 - 2 - (-7 + 11))
13
5 + -48 + 43 + 9 + 1 + 10
20
Calculate -5 - (-4 - ((10 - 11) + 8) - 6).
12
What is -61 + (46 - 16) - -41?
10
What is 8 + -2 + -3 + -7 + 11?
7
What is 0 + 3 + 4 - (-4 + 13) - -18?
16
(-1 + -1 - 2) + (128 - 127)
-3
What is -8 + (-9 - (14 - 23))?
-8
7 - (-15 + (-14 - -11) - -6)
19
What is -16 - -1 - (-194 + 197)?
-18
(140 - 123) + (-9 - 1)
7
What is the value of -1 + 2 + -3 + (105 - 115)?
-12
Calculate 1 - (6 - (2 + (11 - 7) + 1)).
2
What is the value of 31 + -68 + 14 + 21?
-2
What is -26 + 16 - (-6 + 2) - -4?
-2
What is the value of -1 + -15 - -12 - 11?
-15
-17 - (4 + 6 + -11)
-16
Calculate 13 - ((7 - 2) + -2).
10
What is the value of (10 - (-5 + (-1 - (4 - 8)))) + -9?
3
What is -38 + 17 - (-1 - (-4 + 9)) - -8?
-7
(2 - 0) + 30 - (-8 + 20)
20
Evaluate -56 + 49 + 12 + 1 + 13.
19
(496 - 471) + -13 + 2 + -1 + 0
13
Calculate (3 - 2) + -6 - (-4 - (-2 + -5)).
-8
What is 8 + -15 + 19 - 13?
-1
-34 + 3 + 17 + 3
-11
Evaluate (-14 - -46) + -88 - -30.
-26
Evaluate -133 + 138 - (1 - (0 - -4)) - 3.
5
What is -4 + (-1 - -16) + -12?
-1
Evaluate -11 - (-19 - (8 - 14)).
2
14 + 6 + 4 - 15
9
Evaluate 3 - (6 + 13 + -25).
9
What is -19 + (0 - (5 + -15))?
-9
(11 + (0 - 0) - (157 + -156)) + 2
12
Calculate 1 - (-1 + 7 + -6 - -8).
-7
What is -5 + (1 - (-9 - -14))?
-9
What is the value of (12 - -1) + -1 + -4 + -1?
7
(22 - (21 - 12)) + -17
-4
What is the value of (-6 - (1 + -4 + 7)) + 10 + -1?
-1
-15 - (430 + -445 - (-6 + 0))
-6
Calculate 1 + -20 + 2 - (-12 - -13).
-18
What is 12 + -8 + -3 + (0 - -2)?
3
What is 3 + 6 + 2 + -13 + (-1 - -8)?
5
169 + -162 - (1 - 7)
13
-10 + -21 + 37 + -25
-19
Calculate 48 + 22 + -41 - 19.
10
What is -9 + 6 + (2 - -20)?
19
Evaluate 7 - 0 - ((-5 - (16 + -17)) + 1).
10
What is the value of (-12 - 5) + -11 + 15 + 26?
13
What is 16 + (-2 - 7) - 14?
-7
What is -71 + 66 - (0 + -4) - -12?
11
What is (2 - -1) + (-36 - -34)?
1
What is the value of 0 - (-11 + -2) - (-5 + (-1 - -5))?
14
21 - -1 - (0 + 40)
-18
What is (11 - -1) + (2 - 11)?
3
Calculate 54 + -47 + 5 + -14.
-2
-11 + 0 + (2 - -46 - 45)
-8
What is the value of 27 + -5 + (-23 - -8)?
7
Calculate (-131 - -145) + (3 + -2 - 2 - 4).
9
-1 - (-6 - (1 + 3 + -1))
8
(18 - (-8 - -17)) + -15 + 2 + -11
-15
What is (-5 - 2) + 11 + -9?
-5
8 + -5 + (-6 - (-11 + 2)) - 16
-10
Calculate (-2 - -2) + -3 + (54 - 53).
-2
What is the value of -6 + (6 - -1) - (5 - 0) - -9?
5
Evaluate -969 - -960 - (-24 + 1).
14
What is -4 + (-4 - (-1 + (-4 - -12) + -6))?
-9
Evaluate 23 + -38 + 34 - 54.
-35
What is -421 - -419 - (0 + (0 - 2) - -15)?
-15
Evaluate 11 - 1 - (-10 - (51 + -30) - -19).
22
Calculate -4 - 1 - (-6 - (8 - 6)).
3
What is the value of 3 - (15 + (-1 - 14))?
3
What is 4 - (29 + -17) - (3 + 1 + -9)?
-3
7 + (153 - 173) + (-1 - -9 - 1)
-6
Evaluate 27 + (1 - 11 - (15 + -16)).
18
What is the value of 2 + (1 - 6) - (0 + -8 + -1)?
6
Calculate -7 + (-8 - -13) + 5 + -13 - -7.
-3
Evaluate 27 + 0 + 238 + -255.
10
What is 27 - (8 + -4 + 9 - 4) - 3?
15
Evaluate 5 + -20 + 3 + -6 + -3.
-21
What is 1 + -7 - (-13 - -7 - -7)?
-7
Evaluate (3 - 3) + 2 + 13 + -5.
10
What is -4 + 9 + (-5 - (0 + 1))?
-1
What is the value of 13 - (-4 + (-11 - -29))?
-1
Evaluate 23 + -29 - (1 + 4 + -2 - 6).
-3
What is the value of (-3 - 1) + 3 + 458 + -448?
9
-27 + (7 + (8 - 11) - 3 - -7)
-19
What is (-1 - 12) + -244 + 242?
-15
Evaluate (13 - 13) + 4 + -9 - 0.
-5
Evaluate -22 + 1 - (0 - 15 - (41 - 47)).
-12
What is the value of (-26 - (-86 - -14)) + -22?
24
What is 44 + 14 + -29 + -9?
20
(0 - 13) + (151 - 152) + -5
-19
-6 + -1 + -1 - (-32 - (62 - 109))
-23
What is 17 - ((12 - 5) + -16 + (7 - -1))?
18
What is (-6 - -11) + (1 - 15)?
-9
Calculate -167 - -171 - ((-8 - 0) + -3).
15
What is 9 + (18 + -16 + 4 - (12 + 1))?
2
What is (18 - 20) + -10 + 23?
11
What is the value of (-9 - (5 - 7) - -5 - -4) + -2?
0
What is the value of -18 + (-6 - 14) + 12?
-26
Calculate -22 + 54 + -23 + 0 + -13.
-4
Calculate -9 - (11 - 8 - 8) - (-15 - 1).
12
What is the value of (2 - 7) + (33 - 29 - -2)?
1
What is the value of 4 - 4 - (-95 + 88)?
7
What is 8 - 27 - (-7 + (-3 - -1))?
-10
What is the value of -15 + 21 - (26 + -5)?
-15
Calculate -13 + (38 - 17) + -2.
6
Calculate (-3 - (-8 - (-4 + -24))) + 11.
-12
-9 + (-9 - -9) + 12 + 7
10
Evaluate 1 + 4 + 14 + -22 + -6 + 0.
-9
Evaluate 1 + -1 + (-11 - (-12 - 3)) + 6.
10
(-21 - (-48 - -35)) + (37 - 3)
26
What is -16 - 0 - 3 - -13?
-6
Calculate (-11 - -3) + 42 + -27.
7
Calculate 2 + 3 + -6 + -7 - -4 - -18.
14
What is -6 - -17 - (-2 + -4)?
17
39 + (-2 - -1) + (-81 - -71)
28
What is 6 - (6 - 8) - (0 + -5)?
13
(2 - 21) + (58 - (44 + 31))
-36
What is the value of 175 - 163 - (2 - -6)?
4
What is the value of -15 - (-27 + 4) - 33?
-25
Evaluate 15 + (5 - (42 - 43 - (-1 + -5))).
15
What is -40 + 34 + -5 + (0 - 1 - -1)?
-11
Evaluate 24 - (58 + -23 + -7).
-4
(7 - (9 + -1)) + -7 + (-5 - -3)
-10
-12 - (-12 + 12) - ((0 - -2) + -6)
-8
Evaluate 26 - (-20 + 67) - (-6 + -3).
-12
Evaluate 1 + (0 - (-6 + (-6 - -5))).
8
Calculate -4 - -28 - (69 + -79).
34
What is the value of -3 + (10 - (2 + 0 - -1 - 4))?
8
Calculate 1 - ((-3 - (12 - -7)) + 8).
15
What is (-50 - -17) + 13 + 6 + 20?
6
-474 + 487 - (0 - -31)
-18
Evaluate (24 - 57 - -24) + 11.
2
Calculate (-60 - (-20 + -57)) + (-1 - -1).
17
Calculate -68 + 76 + (-33 - -6).
-19
What is the value of -32 + 27 + -5 + -10?
-20
(45 - (-4 + 9 + 9)) + -6
25
What is the value of (-26 - 7) + 30 - 1?
-4
Evaluate (19 - -19) + -25 + 5.
18
Evaluate 1 + (-2 - -3) + 2 + (-4556 - -4566).
14
What is the value of 0 + 13 - -1 - (1 - -4 - 1)?
10
-9 + (-10 - -7) + -15 + 23
-4
What is -5 + 1 + (14 - 0) + -9?
1
Calculate -9 - (-5 + (5 + 7 - 7) + -7).
-2
What is -3 + 20 - (-1 - -5)?
13
What is -3 + (3 - 14 - (-4 + -2 + 7))?
-15
Evaluate -9 + (40 - (-20 - -36)).
15
Calculate -2 - (0 + (6 - 1 - (0 - -7))).
0
Calculate -318 + 354 + (4 - 50).
-10
1 + -2 - (-10 - -14) - -12
7
What is (13 - 3 - 22) + 0 + 2?
-10
Evaluate (-1 - (11 - 1)) + -674 + 666.
-19
Evaluate -113 + 89 - (-1 + 0 + -11 - -4).
-16
(0 + -8 - -1) + -5 + -7 + 15
-4
What is 